 a composite number?
True
Let d(v) = -3485*v**3 - v**2 - 11*v + 1. Is d(-2) a composite number?
True
Let j(a) = 14*a**2 + 34*a + 97. Is j(-20) composite?
True
Let s(g) = -g**3 + 21*g**2 + 5*g + 43. Suppose -25 = -2*z + 15. Is s(z) a prime number?
False
Let a be (-60)/90 + (506/6)/(-1). Let o = 234 + a. Is o composite?
False
Let v = 27 + -24. Suppose 468 = v*h - 534. Is h a prime number?
False
Let z(c) = -5*c**3 - 5*c**2 + 5*c - 4. Let l be z(-5). Suppose l + 694 = 3*a + 5*b, 4*b = -3*a + 1169. Is a prime?
False
Suppose 0 = 5*b - 5*g - 59525, -b - 3*g + 23785 = b. Suppose 0 = 3*f + 2*f - b. Suppose 5*i - 5*s = f, -2*i - 1913 = -6*i + s. Is i prime?
True
Let o = 6376 + -2223. Is o a composite number?
False
Suppose -z - 6 = 3*v, -z = 2*z - 4*v + 31. Let i = z + 9. Suppose a + f = 590, 0*a + 4*a + 5*f - 2363 = i. Is a prime?
True
Suppose -30*r = -36*r - 12. Is (-251)/r*(-4)/(-2) a prime number?
True
Suppose 0 = -40*h + 17*h + 91241. Is h prime?
True
Let x(l) = -2*l**2 - 3*l + 1. Let i be x(-2). Is (11 - -537)*i/(-2) composite?
True
Let l(m) = 43*m**3 - 8*m**2 - 19*m - 7. Let s be l(8). Suppose -2*v + s = 5*c - 4*v, -5*v = 3*c - 12838. Is c prime?
True
Suppose -5*b = -b - 2*w - 8, -4 = 4*b - 5*w. Is -1 + 2866 + 2 - b a prime number?
False
Let b be (-1)/5 - (-11)/5. Let t(l) = 18*l**2 + 7*l + 21. Let s be t(-6). Suppose -r + s = b*r. Is r a prime number?
False
Let u = 5804 + -2636. Let t = u + -1981. Is t a composite number?
False
Let x(a) be the second derivative of 277*a**3/3 - a**2/2 + 7*a. Is x(1) a prime number?
False
Let i = 11688 - 6509. Is i a prime number?
True
Let w = -11 - -16. Let d be w/((-10)/4) + 4. Suppose -d*s = m + 2*s - 561, 2*s = 5*m - 2783. Is m a prime number?
True
Let p = -3096 - -5197. Is p prime?
False
Let f(l) = 437*l**2 - l + 1. Let d(r) = r + 10. Let h be d(-13). Let b be (-2 + 20/12)*h. Is f(b) a prime number?
False
Let f(u) = -u**2 - 3*u + 10. Let o be f(-5). Suppose o = 17*r + 4*r - 4515. Is r composite?
True
Let t be 0/(8/2 - 3) + 444. Suppose -1051 = -5*l + 4*u, t - 20 = 2*l + 2*u. Is l a prime number?
True
Suppose 0 = 6*k - 22 - 68. Suppose -x - 4*y + k = 0, -9*x + 12*x - 5*y = 79. Is x composite?
False
Suppose -11326 = 4*n - 6*g + 3*g, -8503 = 3*n + 2*g. Let p = n + 4392. Is p a composite number?
False
Let r(d) = d**3 + 39*d**2 - 2*d - 139. Is r(-35) a prime number?
True
Let o be (20/6)/(14/21). Let z(b) = 10*b**2 + 2*b + 7. Is z(o) composite?
True
Suppose 2411 = 5*v - 1114. Suppose 35*k + v = 38*k. Is k composite?
True
Suppose -2*m + s + 154 = -21, -4 = 4*s. Is m prime?
False
Let s(k) = 4*k**2 - 13*k + 13. Suppose 0 = -8*o + 4*o - 5*p + 31, -4*o + 2*p = -38. Let m be s(o). Is m - (2 - (3 - -2)) a prime number?
True
Let n = 21 + -20. Let i(c) = 158*c**2 + c - 2. Is i(n) a prime number?
True
Let d be (-1446)/(-4)*(-172)/(-6). Suppose 5*w - d = -2198. Let s = w - 746. Is s a composite number?
False
Let t(u) = -u**3 + 33*u**2 - 34*u - 43. Is t(15) a composite number?
True
Let k = 6 + 3. Let j(n) = n**2 - 9*n + 3. Let y be j(k). Suppose -6*b + 435 = -y*b. Is b composite?
True
Let n be (0 - -524) + -4 + -2. Suppose -n = -3*q + q. Is q a prime number?
False
Let q = -4 - -3. Suppose a = -41 - 90. Is q*a/(1 - 0) a composite number?
False
Suppose 539 + 565 = 4*u. Let a = u - 25. Is a a composite number?
False
Suppose -4*h = -7*h + 651. Suppose 0 = q + 3*w - 330, -5*w + 1359 = 4*q - 6*w. Let g = q - h. Is g a prime number?
False
Suppose -11*r + 13253 = -46818. Is r a prime number?
False
Suppose -3*a - 5*m + 708 = -262, 5*m + 950 = 3*a. Suppose 5*d + b = -615, 61 = -3*d - 3*b - a. Let t = d + 333. Is t a composite number?
False
Let r = 42666 + -21289. Is r prime?
True
Suppose -5*p = -5*o - 58880, -4*p - 6*o + 4*o + 47110 = 0. Is p a composite number?
False
Let a be 54*((-120)/64)/(6/(-8)). Let j = a - 8. Is j a composite number?
False
Let h be 1433/(-3) - 12/(-18). Let t = h + 884. Is t prime?
False
Let t(r) = 77*r**2 + 8*r + 9. Is t(10) prime?
True
Let b(x) = -210*x - 1. Let q = 52 + -58. Is b(q) a prime number?
True
Suppose -9*w + 10*w = 2, -2*w = -4*u + 121744. Is u a composite number?
True
Is 48 + (4 + -5 - (-12)/3) composite?
True
Let o be (-3)/((-7)/(56/12)). Suppose -o*l = -v + 69, 3*v = 7*v + l - 321. Is v composite?
False
Suppose 2*g + 5*l + 173 = 0, 5*l + 22 = g + 71. Is ((-165)/10 + -4)*g composite?
True
Let d be ((-165)/(-2))/11*4/3. Suppose d*v = v + 1341. Is v prime?
True
Let c(s) = 6*s - 7. Let x be c(4). Suppose 4*v - x = 7. Is v a prime number?
False
Let a be 6/2 - -446*(-3 + 4). Suppose 3*w - 209 - 59 = -z, 5*w = -4*z + a. Is w a prime number?
True
Suppose -u = 1, 5*h - 21001 = u + 11685. Is h prime?
False
Suppose -5*a + 4*w = 6*w - 17279, -3*a + 10359 = -3*w. Is a a composite number?
True
Let l(h) = 6*h**2 + 16*h + 23. Let w(g) = g**2 - g. Let v(p) = l(p) + 3*w(p). Is v(-21) composite?
False
Suppose -2*v = 5*o + v - 2940, 0 = -2*o + v + 1176. Suppose -2*a + o = -0*a + m, 2*a - m - 584 = 0. Is a prime?
True
Let v(c) = -2*c + 8*c**2 - 4*c + 18*c - 11 - 7*c. Is v(-10) composite?
False
Let z = -5831 - -13630. Is z prime?
False
Suppose 23*r = -98298 + 270637. Is r a composite number?
True
Let d(w) = 90*w + 37. Let f be 2/2*(27 - 10). Is d(f) composite?
False
Is (-4)/3 - (16 - (-190255)/(-39)) a prime number?
True
Let t = -79 + 95. Suppose 1740 = 4*m + 4*q - t, 4*q = 2*m - 878. Is m composite?
False
Suppose 15965 = 4*r + l, 274 = -2*r + 4*l + 8252. Is r prime?
False
Let m be 5*(-20)/(-4 + 0). Suppose -m = -c + 6. Is c composite?
False
Let j(a) = 2*a**3 - a**2 - 2*a - 2. Suppose 2 = 3*u - 13. Suppose 0 = u*m + 2*y - 23, 5*m - 4*y + 7 = 2*m. Is j(m) composite?
False
Let l be 3/7 - 74536/(-98). Suppose l + 139 = d. Suppose -6*c + 264 = -d. Is c prime?
False
Let p = 36517 - 19068. Is p a prime number?
True
Is (8/24)/((-4)/(-6))*1406 a prime number?
False
Let z be ((-8)/(-5))/((-12)/(-66630)). Let d = -6275 + z. Is d a composite number?
False
Let k = -482 - -685. Let u(j) = 33*j - 44*j + 24*j + k*j - 1. Is u(2) a prime number?
True
Let x = 5397 - 1576. Is x prime?
True
Let h be (-1 - -3) + -5 - -60. Suppose q = -16 - h. Let a = q - -126. Is a a composite number?
False
Suppose 7*n - u - 25 = 2*n, 0 = -3*n - u + 7. Is (358/n + 0)*10 a composite number?
True
Let b(c) = 3*c**2 + 0 + 4*c - c**3 - 4 + 9*c**3. Is b(3) a composite number?
False
Let h(y) = -7*y + 6753. Is h(0) composite?
True
Let y be 10/(-10)*(-11 - -1). Suppose -y*q + 1813 = -3*q. Is q composite?
True
Suppose 6*q - 3*q - 30 = 0. Let o be (0/2)/((-30)/q). Suppose -2*c + 357 = -5*t - 151, -t + 2 = o. Is c composite?
True
Let x = 692 + -1507. Let l = 545 + x. Let t = l + 1001. Is t composite?
True
Let d = -29 + 31. Suppose -n - d*k - k = -221, 862 = 4*n + k. Suppose 270 = v - n. Is v a prime number?
False
Suppose d - 305 = -r, 2*r + 606 = 2*d + 5*r. Let f = -178 + d. Is f a composite number?
False
Suppose -i + 24 = -2*m + 2*i, 3*i = 0. Let v be m/60 - 52/(-10). Suppose 3*y - 851 = -0*y - 2*p, -v*y + 1410 = 5*p. Is y a prime number?
False
Let k(f) = -107*f - 7. Let p(h) be the second derivative of 53*h**3/3 + 7*h**2/2 - h. Let b(z) = 6*k(z) + 7*p(z). Is b(3) a prime number?
True
Is 12/40 + 23/(-10) - -5543 a composite number?
True
Let y = 1570 - -2965. Is y prime?
False
Let k(w) = -5*w**2 + 23*w + 20. Let r(z) = -2*z**2 + 8*z + 7. Let l(p) = 6*k(p) - 17*r(p). Suppose 0*h = -2*h + 6. Is l(h) prime?
True
Let g = 9 + 16. Suppose 4*s - g - 31 = 0. Is s a composite number?
True
Suppose -431740 = -125*y + 105*y. Is y composite?
False
Suppose g + 5 = -g + f, 5*f - 25 = 2*g. Let y = g + -5. Let x(m) = m**2 - 3*m + 3. Is x(y) composite?
False
Suppose -4*u - 1 + 17 = 0, 5*c + 5*u + 10 = 0. Is ((-3)/c)/(3/186) prime?
True
Let j(f) = 9*f**3 - 24*f**2 - 2*f - 23. Let d(v) = 3*v**3 - 8*v**2 - v - 8. Let u(a) = 11*d(a) - 4*j(a). Is u(-6) a composite number?
True
Let o(f) = -27*f**3 + f**2 + f + 5. Let k be o(-5). Suppose -2*a + k = 3*p - 0*a, 0 = 2*p + a - 2265. Let z = p - 519. Is z a composite number?
True
Let p(v) be the third derivative of 187*v**4/24 - v**3/3 + v**2. Is p(3) composite?
True
Let y(x) = -35*x - 2. Let t be ((-14)/4 + 5)/(2/(-4)). Is y(t) a composite number?
False
Let x = -1542 - -2329. Let n = -38 + x. Is n a composite number?
True
Let u(r) = -r**3 - 1